uppose -3*u + 6027 = 3*s, 0*u - u - 3*s = -2017. What is the thousands digit of u?
2
Let v be 11 + -7 + -2 + -161. Let r = v + 286. What is the units digit of r?
7
Suppose 3*y - 51 = 4*d, d + 52 = 3*y + 10. Suppose -y = s + 3. Let z = s - -20. What is the units digit of z?
4
Suppose 2*s - 2971 - 4424 = -r, -4*s = -4*r - 14772. What is the thousands digit of s?
3
Suppose 10*t = 3*t. Suppose r - 4*k - 41 = t, -5*k + 16 = r - 34. What is the tens digit of r?
4
Suppose 3*n = -3*f + 9, 3*n = 4*f + 75 - 31. Suppose 12 = -4*k - 8, -3*b + 4*k + 47 = 0. Let c = b + n. What is the units digit of c?
7
Let w = 540 + 117. What is the tens digit of w?
5
Let n be (-93)/(-18) + (-9)/54. Suppose -6*j + 12 = -0. Suppose -n*c + 159 = j*a + 2*a, -3*c + 97 = 4*a. What is the tens digit of c?
3
Suppose 3*q = 4*t + 11337, -2*t + 3993 = -3*q + 9660. What is the units digit of (6/7)/((-15)/t)?
2
What is the hundreds digit of -3 + (-1806)/(-7 + 0)?
2
What is the thousands digit of 4482/(-12)*308/(-42)?
2
Suppose -5*j + 2*l = l + 304, -302 = 5*j - 3*l. Let y = j - -68. What is the units digit of y?
7
Suppose -12 = -3*n, 5*c + n - 3455 = -1046. What is the hundreds digit of c?
4
What is the units digit of -6 + 4 + 44 + (-4)/(-1)?
6
Suppose 20*s - 19467 = 32793. What is the tens digit of s?
1
Let y = -2 - -12. Suppose -y*l = -12*l + 190. Suppose 0 = -3*d + 112 + l. What is the tens digit of d?
6
Let u be 0 - (4 - (-3)/1). Let p = u - -10. Suppose -y - 44 = -5*f, -3*y = -p*f - 4 + 40. What is the units digit of f?
8
Let r(f) = 237*f + 147. What is the hundreds digit of r(10)?
5
Let t = 47 + -43. Suppose -4*j + t*f + 240 = 0, -6*j + 3*j + 176 = -4*f. What is the tens digit of j?
6
Let l = 37 - 33. Suppose 5 + 4 = 3*c, 4*u - 364 = -l*c. What is the tens digit of u?
8
Let t be (7 - 6) + 4/2. Let s be -9 - ((1 - t) + 0). What is the tens digit of 2/s + 424/14?
3
Let h be (6/(-4))/((-11)/22). Suppose h*o - 121 = -4*p, 3*o + o - 148 = -2*p. What is the tens digit of o?
3
Let c(a) = 5*a**2 - 5*a - 5. Let g(d) be the second derivative of d**4/12 - 2*d**3/3 - d**2 - d. Let p be g(4). What is the tens digit of c(p)?
2
Let c = -15 - -21. Suppose -s = c - 171. Suppose v + 4*v = s. What is the units digit of v?
3
Let z(o) = -3*o**3 + 10*o**2 + 4*o + 2. What is the units digit of z(-3)?
1
Let c be (-3)/((-12)/(-136)) - (-4 - -5). Suppose 0 = w + w - 216. Let b = c + w. What is the tens digit of b?
7
Let j(r) = -4*r**3 - 4*r**2 - 3*r. Let u be j(-2). Suppose -6*n - u = -130. What is the tens digit of n?
1
Suppose -22 - 38 = 5*v. Let k be (73 + -1)/(v/(-8)). Let q = k + -29. What is the tens digit of q?
1
Suppose 25253 = 14*s - 8375. What is the tens digit of s?
0
Suppose -3*o - 926 = 2*p - 4016, 4*o + 7725 = 5*p. What is the tens digit of p?
4
What is the hundreds digit of 8/(-352)*-11 - (-5150)/8?
6
Suppose 26*t = 30*t + 16. Let p(r) = -r - 7. Let u be p(t). What is the units digit of 5 - ((-4 - u) + 2)?
4
Suppose 93*g = -2*d + 97*g + 1678, 0 = -5*d + 2*g + 4235. What is the tens digit of d?
4
Let j be 1 + (-3)/1 + 146. Suppose 40 = -4*r + j. What is the tens digit of r?
2
Suppose 5*y = 6*y + f - 112, 5*y - 554 = -2*f. Suppose -3*d = -i + 23, 4*i - 2*d - y = -18. Let q = i + 15. What is the units digit of q?
8
Suppose 2*a = -3*x - 4 - 0, a = 4*x - 24. Let q(t) be the second derivative of t**4/12 + t**3 - t. What is the units digit of q(a)?
6
Let j(o) = o + 40. Let r be j(-20). Suppose 10 = y - n - 3*n, -2*y - 4*n = -r. What is the units digit of y?
0
Let r(j) = -7*j**3 + 9*j**2 - 2*j + 14. What is the hundreds digit of r(-6)?
8
Suppose 0 = -1298*u + 1292*u + 18438. What is the hundreds digit of u?
0
Let q = -10 + 15. Suppose -4*r + 423 = q*b, 4*b + 2 = -2. What is the hundreds digit of r?
1
Let x(j) be the third derivative of 0*j + 11*j**2 - 1/6*j**3 + 1/60*j**5 - 5/12*j**4 + 0. What is the units digit of x(13)?
8
Let m = 42 + -19. Suppose 29 - 61 = -2*r. Suppose p + m = -4*v + 87, 0 = -v - 2*p + r. What is the tens digit of v?
1
Let h be (1 - (1 + -1))*24/(-3). What is the tens digit of (12000/(-9))/(-5) + h/(-24)?
6
Suppose 144 + 116 = -5*p. Let k = 118 + p. What is the units digit of k?
6
Let x = 6572 + -4512. What is the thousands digit of x?
2
Let t(p) = 10*p**3 + p**2. Let v be t(-1). Suppose -3*d - 3 = -2*z, -7 = -3*d - 3*z + 5. What is the units digit of d/(-2) - v/2?
4
Suppose 3*h + l - 361 = 0, 99 = h - 0*h - 5*l. Suppose -b - 49 = -h. What is the units digit of b?
0
Let f(r) = 2*r + 31. Let d = -5 + 5. What is the tens digit of f(d)?
3
What is the hundreds digit of -7 + 18*39/2?
3
Let t be ((-188)/(-16))/(2*(-2)/(-48)). Suppose p - 75 = -3*n + t, 832 = 4*p - 4*n. What is the units digit of p?
0
What is the hundreds digit of (-3)/5 + 4366/10 + 5?
4
Let v = 38 - -409. What is the tens digit of v?
4
Suppose -j + 4*j = -951. What is the units digit of (1*j)/(2/(-4)*2)?
7
Suppose -81414 = 55*m - 278699. What is the tens digit of m?
8
What is the thousands digit of (-30 - -26)/((-2)/10748*4)?
5
Let c(y) = 23*y**2 - 24*y + 68. What is the tens digit of c(3)?
0
Suppose 27468 = -570*h + 582*h. What is the hundreds digit of h?
2
Suppose 0 = -18*f + 5*f + 91. Let s be (-4)/3*6/(-4). Let x = f + s. What is the units digit of x?
9
Let l(y) = -36*y + 1029. What is the tens digit of l(16)?
5
Let h(r) = r**3 - 37*r**2 - 23*r - 31. What is the tens digit of h(39)?
1
Let v(t) = -50*t + 1. Let q = -21 + 20. What is the tens digit of v(q)?
5
Suppose 5*f = -19 + 549. What is the tens digit of f?
0
Suppose -89247 = -38*i + 38927. What is the thousands digit of i?
3
Let c be (-84)/(-8)*(-12)/(-9). Suppose c = 2*z - 14. What is the units digit of z?
4
What is the units digit of (-12)/(-2 + -4) - -179?
1
Suppose 2*q = -u - 50, 0 = 3*q - 0*u - 2*u + 89. Let t = q + 34. What is the units digit of t?
7
Suppose 25 = -2*q - 0*t - 5*t, -3*q + 2*t = 66. Let p = q + 25. Suppose -4*o + b = -3*b - 80, p*o + b = 106. What is the tens digit of o?
2
What is the tens digit of ((1 - 3) + -568)*72/(-54)?
6
Let q(o) = o**2 + o - 17. Let m(p) = 2*p**2 + 2*p - 18. Let c(w) = 2*m(w) - 3*q(w). What is the units digit of c(-7)?
7
Let k(w) be the third derivative of -w**6/120 + w**5/60 - w**4/12 - 13*w**3/6 - 11*w**2. Let x be k(0). What is the units digit of 9 + x + 19*3?
3
Let n(g) = -g**3 - 2*g**2 - 12*g + 7. What is the tens digit of n(-7)?
3
Let g = 2 - -10. What is the tens digit of -10*-3*8/g?
2
Let a be (2 + -3 + 3)/2. Let o = 0 + a. What is the units digit of o?
1
Let m = -461 + 693. What is the hundreds digit of m?
2
Suppose 122 = 10*j - 2248. What is the hundreds digit of j?
2
Suppose 0 = h - 5*h + 76. Suppose 0 = 3*j - 101 - h. Suppose 84 = 4*x - j. What is the tens digit of x?
3
Let o = -31 + 44. Let r = o - 19. What is the units digit of (-116)/(-14) + r/21?
8
Let c(n) = 13*n**2 - 53*n - 7. What is the hundreds digit of c(-6)?
7
Let g(f) be the second derivative of f**4/12 + f**3/3 - f**2 - 52*f. Let v = -1 + 5. What is the units digit of g(v)?
2
Suppose p - 15 = -4*p. Suppose -3*r + 3 = 0, -5*r + 0*r = -p*y + 247. What is the tens digit of y?
8
Let h = 61 - 57. Suppose -h*a = -589 + 217. What is the units digit of a?
3
Let n = 9307 + -4122. What is the tens digit of n?
8
Suppose 26*v - 25*v - 704 = 0. What is the hundreds digit of v?
7
Suppose 4*n = 5*n - 12. Suppose 70 = -5*g - 5*u, -4*u = 3*g - n + 58. What is the units digit of 134/6 - g/15?
3
Suppose -266*g + 251*g + 60285 = 0. What is the units digit of g?
9
Suppose 0 = -14*l + 13337 + 1125. What is the tens digit of l?
3
Let g = -588 + 1235. What is the units digit of g?
7
Let q(i) be the second derivative of -i**5/20 + 3*i**4/4 - 3*i**3/2 + 15*i**2/2 + 28*i. What is the units digit of q(7)?
0
Let o be (4/(-8))/((-5)/3960). Suppose 47*r = 51*r - o. What is the units digit of r?
9
Suppose 4*p - 530 - 974 = 0. What is the tens digit of p?
7
Let m = 16 - -9. What is the units digit of m?
5
Suppose -12 = -a - 12. Suppose 3*c - 7*c + 2*u + 82 = a, 5*u = -c + 15. What is the units digit of c?
0
What is the units digit of (-3)/27 + 2/(54/5349)?
8
Let k be 5340/50*(-20)/(-6). Suppose -t + 5*t = 4*w + k, -w = -5. What is the units digit of t?
4
Let l = -58 - -97. Let w = -16 + l. Suppose 1 = -2*n + w. What is the units digit of n?
1
Let t = -1495 + 2668. W